{"id":146,"date":"2023-03-03T12:59:42","date_gmt":"2023-03-03T12:59:42","guid":{"rendered":"https:\/\/teste.charibimobiliaria.com\/?page_id=146"},"modified":"2023-04-05T21:02:51","modified_gmt":"2023-04-05T21:02:51","slug":"franchising","status":"publish","type":"page","link":"https:\/\/teste.charibimobiliaria.com\/?page_id=146","title":{"rendered":"Franchising"},"content":{"rendered":"\t\t<div data-elementor-type=\"wp-page\" data-elementor-id=\"146\" class=\"elementor elementor-146\">\n\t\t\t\t\t\t<section class=\"elementor-section elementor-top-section elementor-element elementor-element-02cade5 elementor-section-boxed elementor-section-height-default elementor-section-height-default\" data-id=\"02cade5\" data-element_type=\"section\" data-e-type=\"section\">\n\t\t\t\t\t\t<div class=\"elementor-container elementor-column-gap-default\">\n\t\t\t\t\t<div class=\"elementor-column elementor-col-100 elementor-top-column elementor-element elementor-element-b9e7875\" data-id=\"b9e7875\" data-element_type=\"column\" data-e-type=\"column\">\n\t\t\t<div class=\"elementor-widget-wrap elementor-element-populated\">\n\t\t\t\t\t\t<div class=\"elementor-element elementor-element-2688450 elementor-widget elementor-widget-text-editor\" data-id=\"2688450\" data-element_type=\"widget\" data-e-type=\"widget\" data-widget_type=\"text-editor.default\">\n\t\t\t\t<div class=\"elementor-widget-container\">\n\t\t\t\t\t\t\t\t\t<p>Uma marca que marca, que cria valor, que gera rendimento, enquanto presta um servi\u00e7o insubstitu\u00edvel aos interessados em bens imobili\u00e1rios, sejam eles vendedores, compradores ou interessados no arrendamento de im\u00f3veis.<\/p><p>A CHARIB IMOBILI\u00c1RIA nasce da frequente solicita\u00e7\u00e3o de clientes do grupo CHARIB em servi\u00e7os de media\u00e7\u00e3o imobili\u00e1ria.<\/p><p>Temos a experi\u00eancia e as ferramentas que lhe ser\u00e3o \u00fateis. Aproveite e desenvolva um neg\u00f3cio que acreditamos o(a) deixar\u00e1 feliz e realizado(a).<\/p>\t\t\t\t\t\t\t\t<\/div>\n\t\t\t\t<\/div>\n\t\t\t\t\t<\/div>\n\t\t<\/div>\n\t\t\t\t\t<\/div>\n\t\t<\/section>\n\t\t\t\t<section class=\"elementor-section elementor-top-section elementor-element elementor-element-3686e40 elementor-section-boxed elementor-section-height-default elementor-section-height-default\" data-id=\"3686e40\" data-element_type=\"section\" data-e-type=\"section\">\n\t\t\t\t\t\t<div class=\"elementor-container elementor-column-gap-default\">\n\t\t\t\t\t<div class=\"elementor-column elementor-col-33 elementor-top-column elementor-element elementor-element-a637fd7\" data-id=\"a637fd7\" data-element_type=\"column\" data-e-type=\"column\">\n\t\t\t<div class=\"elementor-widget-wrap elementor-element-populated\">\n\t\t\t\t\t\t<div class=\"elementor-element elementor-element-e851761 elementor-widget__width-inherit elementor-widget elementor-widget-image\" data-id=\"e851761\" data-element_type=\"widget\" data-e-type=\"widget\" data-widget_type=\"image.default\">\n\t\t\t\t<div class=\"elementor-widget-container\">\n\t\t\t\t\t\t\t\t\t\t\t\t\t\t\t<img fetchpriority=\"high\" decoding=\"async\" width=\"685\" height=\"1024\" src=\"https:\/\/teste.charibimobiliaria.com\/wp-content\/uploads\/2023\/04\/woman-g665fc65a9_1920-685x1024.jpg\" class=\"attachment-large size-large wp-image-654\" alt=\"\" srcset=\"https:\/\/teste.charibimobiliaria.com\/wp-content\/uploads\/2023\/04\/woman-g665fc65a9_1920-685x1024.jpg 685w, https:\/\/teste.charibimobiliaria.com\/wp-content\/uploads\/2023\/04\/woman-g665fc65a9_1920-600x896.jpg 600w, https:\/\/teste.charibimobiliaria.com\/wp-content\/uploads\/2023\/04\/woman-g665fc65a9_1920-201x300.jpg 201w, https:\/\/teste.charibimobiliaria.com\/wp-content\/uploads\/2023\/04\/woman-g665fc65a9_1920-768x1148.jpg 768w, https:\/\/teste.charibimobiliaria.com\/wp-content\/uploads\/2023\/04\/woman-g665fc65a9_1920-1028x1536.jpg 1028w, https:\/\/teste.charibimobiliaria.com\/wp-content\/uploads\/2023\/04\/woman-g665fc65a9_1920.jpg 1285w\" sizes=\"(max-width: 685px) 100vw, 685px\" \/>\t\t\t\t\t\t\t\t\t\t\t\t\t\t\t<\/div>\n\t\t\t\t<\/div>\n\t\t\t\t\t<\/div>\n\t\t<\/div>\n\t\t\t\t<div class=\"elementor-column elementor-col-66 elementor-top-column elementor-element elementor-element-09cb0ac\" data-id=\"09cb0ac\" data-element_type=\"column\" data-e-type=\"column\">\n\t\t\t<div class=\"elementor-widget-wrap elementor-element-populated\">\n\t\t\t\t\t\t<div class=\"elementor-element elementor-element-f083df1 elementor-widget elementor-widget-heading\" data-id=\"f083df1\" data-element_type=\"widget\" data-e-type=\"widget\" data-widget_type=\"heading.default\">\n\t\t\t\t<div class=\"elementor-widget-container\">\n\t\t\t\t\t<h3 class=\"elementor-heading-title elementor-size-medium\">Quais as vantagens em aderir \u00e0 rede de franchising da CHARIB IMOBILI\u00c1RIA?<\/h3>\t\t\t\t<\/div>\n\t\t\t\t<\/div>\n\t\t\t\t<div class=\"elementor-element elementor-element-e9cceea elementor-widget elementor-widget-text-editor\" data-id=\"e9cceea\" data-element_type=\"widget\" data-e-type=\"widget\" data-widget_type=\"text-editor.default\">\n\t\t\t\t<div class=\"elementor-widget-container\">\n\t\t\t\t\t\t\t\t\t<p>S\u00e3o v\u00e1rias e relevantes.<\/p><ul><li>Forma\u00e7\u00e3o inicial e cont\u00ednua<\/li><li>Marca premiada pela qualidade no apoio \u00e0 rede de franchising<\/li><li>Reconhecimento da marca<\/li><li>Mais de 120.000 clientes da CHARIB em Portugal<\/li><li>Baixo investimento inicial<\/li><li>Baixos custos operacionais<\/li><li>Divulga\u00e7\u00e3o dos im\u00f3veis em carteira no portal da CHARIB IMOBILI\u00c1RIA<\/li><li>Divulga\u00e7\u00e3o dos im\u00f3veis em carteira em diversos portais imobili\u00e1rios de grande utiliza\u00e7\u00e3o<\/li><li>Oportunidade de concretiza\u00e7\u00e3o de cross-selling entre atividades do grupo CHARIB<\/li><li>Design e comunica\u00e7\u00e3o apelativos<\/li><li>P\u00e1gina web exclusiva da sua empresa no site da marca incluindo informa\u00e7\u00f5es da sua empresa, lista de im\u00f3veis e de consultores imobili\u00e1rios associados \u00e0 sua empresa<\/li><li>Oferta aos consultores imobili\u00e1rios associados \u00e0 sua empresa de uma p\u00e1gina web exclusiva a cada consultor onde podem publicitar os respetivos im\u00f3veis<\/li><li>Protocolo com Millennium bcp para apoio \u00e0 empresa franchisada (<a href=\"https:\/\/www.dropbox.com\/s\/jxiosndx1tvcn5q\/Millennium%20Franchising%20-%20CHARIB%20Imobili%C3%A1ria.pdf?dl=0\" target=\"_blank\" rel=\"noopener\">Clique aqui para ver o protocolo<\/a>)<\/li><\/ul>\t\t\t\t\t\t\t\t<\/div>\n\t\t\t\t<\/div>\n\t\t\t\t\t<\/div>\n\t\t<\/div>\n\t\t\t\t\t<\/div>\n\t\t<\/section>\n\t\t\t\t<section class=\"elementor-section elementor-top-section elementor-element elementor-element-011d2e6 elementor-section-boxed elementor-section-height-default elementor-section-height-default\" data-id=\"011d2e6\" data-element_type=\"section\" data-e-type=\"section\">\n\t\t\t\t\t\t<div class=\"elementor-container elementor-column-gap-default\">\n\t\t\t\t\t<div class=\"elementor-column elementor-col-50 elementor-top-column elementor-element elementor-element-84c96f0\" data-id=\"84c96f0\" data-element_type=\"column\" data-e-type=\"column\" data-settings=\"{&quot;background_background&quot;:&quot;classic&quot;}\">\n\t\t\t<div class=\"elementor-widget-wrap elementor-element-populated\">\n\t\t\t\t\t\t<div class=\"elementor-element elementor-element-482cd8b elementor-widget elementor-widget-heading\" data-id=\"482cd8b\" data-element_type=\"widget\" data-e-type=\"widget\" data-widget_type=\"heading.default\">\n\t\t\t\t<div class=\"elementor-widget-container\">\n\t\t\t\t\t<h3 class=\"elementor-heading-title elementor-size-medium\">Qual o investimento?<\/h3>\t\t\t\t<\/div>\n\t\t\t\t<\/div>\n\t\t\t\t<div class=\"elementor-element elementor-element-2db6b23 elementor-widget elementor-widget-text-editor\" data-id=\"2db6b23\" data-element_type=\"widget\" data-e-type=\"widget\" data-widget_type=\"text-editor.default\">\n\t\t\t\t<div class=\"elementor-widget-container\">\n\t\t\t\t\t\t\t\t\t<p>Registo no IMPIC &#8211; vari\u00e1vel em fun\u00e7\u00e3o da data de pedido de autoriza\u00e7\u00e3o para exerc\u00edcio de media\u00e7\u00e3o imobili\u00e1ria. No m\u00e1ximo, custa \u20ac 365,00<\/p>\n<p>Seguro de responsabilidade civil de mediador imobili\u00e1rio &#8211; \u20ac 150,00<\/p>\n<p>Direito de entrada&nbsp;&#8211; \u20ac 10.000,00 + IVA<\/p>\n<p>Economato (Cart\u00f5es de visita, envelopes e papel timbrado, pastas) &#8211; \u20ac &nbsp;300,00 + IVA<\/p>\n<p>Placas publicit\u00e1rias para colocar em im\u00f3veis (cada) &#8211; \u20ac 5,00 + IVA<\/p>\n<p>Espa\u00e7o na cloud 30GB (email, contactos, calend\u00e1rio, tarefas, drive, liga\u00e7\u00e3o com redes sociais, backups autom\u00e1ticos) por conta &#8211; \u20ac 125 + IVA (custo anual)<\/p>\n<p>Custo com cria\u00e7\u00e3o de empresa na hora: \u20ac 360,00<\/p><p>Adapta\u00e7\u00e3o da loja: vari\u00e1vel<\/p>\t\t\t\t\t\t\t\t<\/div>\n\t\t\t\t<\/div>\n\t\t\t\t\t<\/div>\n\t\t<\/div>\n\t\t\t\t<div class=\"elementor-column elementor-col-50 elementor-top-column elementor-element elementor-element-7f38c13\" data-id=\"7f38c13\" data-element_type=\"column\" data-e-type=\"column\" data-settings=\"{&quot;animation&quot;:&quot;none&quot;}\">\n\t\t\t<div class=\"elementor-widget-wrap elementor-element-populated\">\n\t\t\t\t\t\t<div class=\"elementor-element elementor-element-4bba840 elementor-widget elementor-widget-heading\" data-id=\"4bba840\" data-element_type=\"widget\" data-e-type=\"widget\" data-widget_type=\"heading.default\">\n\t\t\t\t<div class=\"elementor-widget-container\">\n\t\t\t\t\t<h3 class=\"elementor-heading-title elementor-size-medium\">Quais os custos fixos mensais?<\/h3>\t\t\t\t<\/div>\n\t\t\t\t<\/div>\n\t\t\t\t<div class=\"elementor-element elementor-element-f6eb99b elementor-widget elementor-widget-text-editor\" data-id=\"f6eb99b\" data-element_type=\"widget\" data-e-type=\"widget\" data-widget_type=\"text-editor.default\">\n\t\t\t\t<div class=\"elementor-widget-container\">\n\t\t\t\t\t\t\t\t\t<p>Mensalidade do software de gest\u00e3o imobili\u00e1ria &#8211; \u20ac 35,00 + IVA<\/p>\n<p>Royalty e fundo de publicidade: valor vari\u00e1vel em fun\u00e7\u00e3o da fatura\u00e7\u00e3o de cada loja<\/p>\n<p>Mensalidade do software de fatura\u00e7\u00e3o: \u20ac 10,00 + IVA<\/p>\n<p>Servi\u00e7os de contabilidade : a partir de \u20ac 125,00 + IVA<\/p>\n<p>Espa\u00e7o f\u00edsico para loja: vari\u00e1vel<\/p><p>Telecomunica\u00e7\u00f5es: cerca de \u20ac 60,00 + IVA<\/p><p><br><\/p><p>Nota: poder\u00e3o existir outros custos, de acordo com o plano de investimento de cada franchisado. Os custos acima apresentados s\u00e3o custos m\u00ednimos.<\/p>\t\t\t\t\t\t\t\t<\/div>\n\t\t\t\t<\/div>\n\t\t\t\t\t<\/div>\n\t\t<\/div>\n\t\t\t\t\t<\/div>\n\t\t<\/section>\n\t\t\t\t<section class=\"elementor-section elementor-top-section elementor-element elementor-element-79ae76b elementor-section-boxed elementor-section-height-default elementor-section-height-default\" data-id=\"79ae76b\" data-element_type=\"section\" data-e-type=\"section\">\n\t\t\t\t\t\t<div class=\"elementor-container elementor-column-gap-default\">\n\t\t\t\t\t<div class=\"elementor-column elementor-col-100 elementor-top-column elementor-element elementor-element-40183f9\" data-id=\"40183f9\" data-element_type=\"column\" data-e-type=\"column\">\n\t\t\t<div class=\"elementor-widget-wrap elementor-element-populated\">\n\t\t\t\t\t\t<div class=\"elementor-element elementor-element-f5a26d9 elementor-widget elementor-widget-heading\" data-id=\"f5a26d9\" data-element_type=\"widget\" data-e-type=\"widget\" data-widget_type=\"heading.default\">\n\t\t\t\t<div class=\"elementor-widget-container\">\n\t\t\t\t\t<h3 class=\"elementor-heading-title elementor-size-medium\">Qual o royalty aplic\u00e1vel?<\/h3>\t\t\t\t<\/div>\n\t\t\t\t<\/div>\n\t\t\t\t\t<\/div>\n\t\t<\/div>\n\t\t\t\t\t<\/div>\n\t\t<\/section>\n\t\t\t\t<section class=\"elementor-section elementor-top-section elementor-element elementor-element-9e192eb elementor-section-boxed elementor-section-height-default elementor-section-height-default\" data-id=\"9e192eb\" data-element_type=\"section\" data-e-type=\"section\">\n\t\t\t\t\t\t<div class=\"elementor-container elementor-column-gap-default\">\n\t\t\t\t\t<div class=\"elementor-column elementor-col-100 elementor-top-column elementor-element elementor-element-eda4970\" data-id=\"eda4970\" data-element_type=\"column\" data-e-type=\"column\">\n\t\t\t<div class=\"elementor-widget-wrap elementor-element-populated\">\n\t\t\t\t\t\t<div class=\"elementor-element elementor-element-3174a13 elementor-widget elementor-widget-text-editor\" data-id=\"3174a13\" data-element_type=\"widget\" data-e-type=\"widget\" data-widget_type=\"text-editor.default\">\n\t\t\t\t<div class=\"elementor-widget-container\">\n\t\t\t\t\t\t\t\t\t<p>O royalty \u00e9 de 6% sobre a comiss\u00e3o do franchisado, com m\u00ednimo de \u20ac 200,00.<\/p>\t\t\t\t\t\t\t\t<\/div>\n\t\t\t\t<\/div>\n\t\t\t\t\t<\/div>\n\t\t<\/div>\n\t\t\t\t\t<\/div>\n\t\t<\/section>\n\t\t\t\t<section class=\"elementor-section elementor-top-section elementor-element elementor-element-e1d0b2e elementor-section-boxed elementor-section-height-default elementor-section-height-default\" data-id=\"e1d0b2e\" data-element_type=\"section\" data-e-type=\"section\">\n\t\t\t\t\t\t<div class=\"elementor-container elementor-column-gap-default\">\n\t\t\t\t\t<div class=\"elementor-column elementor-col-100 elementor-top-column elementor-element elementor-element-1741b77\" data-id=\"1741b77\" data-element_type=\"column\" data-e-type=\"column\">\n\t\t\t<div class=\"elementor-widget-wrap elementor-element-populated\">\n\t\t\t\t\t\t<div class=\"elementor-element elementor-element-328edb7 elementor-widget elementor-widget-heading\" data-id=\"328edb7\" data-element_type=\"widget\" data-e-type=\"widget\" data-widget_type=\"heading.default\">\n\t\t\t\t<div class=\"elementor-widget-container\">\n\t\t\t\t\t<h3 class=\"elementor-heading-title elementor-size-medium\">Qual o valor do fundo de publicidade?<\/h3>\t\t\t\t<\/div>\n\t\t\t\t<\/div>\n\t\t\t\t\t<\/div>\n\t\t<\/div>\n\t\t\t\t\t<\/div>\n\t\t<\/section>\n\t\t\t\t<section class=\"elementor-section elementor-top-section elementor-element elementor-element-69b889e elementor-section-boxed elementor-section-height-default elementor-section-height-default\" data-id=\"69b889e\" data-element_type=\"section\" data-e-type=\"section\">\n\t\t\t\t\t\t<div class=\"elementor-container elementor-column-gap-default\">\n\t\t\t\t\t<div class=\"elementor-column elementor-col-100 elementor-top-column elementor-element elementor-element-a11470f\" data-id=\"a11470f\" data-element_type=\"column\" data-e-type=\"column\">\n\t\t\t<div class=\"elementor-widget-wrap elementor-element-populated\">\n\t\t\t\t\t\t<div class=\"elementor-element elementor-element-8e74283 elementor-widget elementor-widget-text-editor\" data-id=\"8e74283\" data-element_type=\"widget\" data-e-type=\"widget\" data-widget_type=\"text-editor.default\">\n\t\t\t\t<div class=\"elementor-widget-container\">\n\t\t\t\t\t\t\t\t\t<p>O fundo de publicidade da rede \u00e9 de 3% sobre a fatura\u00e7\u00e3o do franchisado.<\/p>\t\t\t\t\t\t\t\t<\/div>\n\t\t\t\t<\/div>\n\t\t\t\t\t<\/div>\n\t\t<\/div>\n\t\t\t\t\t<\/div>\n\t\t<\/section>\n\t\t\t\t<section class=\"elementor-section elementor-top-section elementor-element elementor-element-9e59860 elementor-section-boxed elementor-section-height-default elementor-section-height-default\" data-id=\"9e59860\" data-element_type=\"section\" data-e-type=\"section\">\n\t\t\t\t\t\t<div class=\"elementor-container elementor-column-gap-default\">\n\t\t\t\t\t<div class=\"elementor-column elementor-col-100 elementor-top-column elementor-element elementor-element-b2c4ac3\" data-id=\"b2c4ac3\" data-element_type=\"column\" data-e-type=\"column\">\n\t\t\t<div class=\"elementor-widget-wrap elementor-element-populated\">\n\t\t\t\t\t\t<div class=\"elementor-element elementor-element-8ae0f52 elementor-widget elementor-widget-heading\" data-id=\"8ae0f52\" data-element_type=\"widget\" data-e-type=\"widget\" data-widget_type=\"heading.default\">\n\t\t\t\t<div class=\"elementor-widget-container\">\n\t\t\t\t\t<h2 class=\"elementor-heading-title elementor-size-default\">Contacte-nos<\/h2>\t\t\t\t<\/div>\n\t\t\t\t<\/div>\n\t\t\t\t\t<\/div>\n\t\t<\/div>\n\t\t\t\t\t<\/div>\n\t\t<\/section>\n\t\t\t\t<section class=\"elementor-section elementor-top-section elementor-element elementor-element-70d7007 elementor-section-boxed elementor-section-height-default elementor-section-height-default\" data-id=\"70d7007\" data-element_type=\"section\" data-e-type=\"section\">\n\t\t\t\t\t\t<div class=\"elementor-container elementor-column-gap-default\">\n\t\t\t\t\t<div class=\"elementor-column elementor-col-100 elementor-top-column elementor-element elementor-element-2a1351e\" data-id=\"2a1351e\" data-element_type=\"column\" data-e-type=\"column\">\n\t\t\t<div class=\"elementor-widget-wrap elementor-element-populated\">\n\t\t\t\t\t\t<div class=\"elementor-element elementor-element-978b68f elementor-widget elementor-widget-shortcode\" data-id=\"978b68f\" data-element_type=\"widget\" data-e-type=\"widget\" data-widget_type=\"shortcode.default\">\n\t\t\t\t<div class=\"elementor-widget-container\">\n\t\t\t\t\t\t\t<div class=\"elementor-shortcode\">\n<div class=\"wpcf7 no-js\" id=\"wpcf7-f559-o1\" lang=\"pt-PT\" dir=\"ltr\" data-wpcf7-id=\"559\">\n<div class=\"screen-reader-response\"><p role=\"status\" aria-live=\"polite\" aria-atomic=\"true\"><\/p> <ul><\/ul><\/div>\n<form action=\"\/index.php?rest_route=%2Fwp%2Fv2%2Fpages%2F146#wpcf7-f559-o1\" method=\"post\" class=\"wpcf7-form init wpcf7-acceptance-as-validation\" aria-label=\"Formul\u00e1rio de contacto\" novalidate=\"novalidate\" data-status=\"init\">\n<fieldset class=\"hidden-fields-container\"><input type=\"hidden\" name=\"_wpcf7\" value=\"559\" \/><input type=\"hidden\" name=\"_wpcf7_version\" value=\"6.1.5\" \/><input type=\"hidden\" name=\"_wpcf7_locale\" value=\"pt_PT\" \/><input type=\"hidden\" name=\"_wpcf7_unit_tag\" value=\"wpcf7-f559-o1\" \/><input type=\"hidden\" name=\"_wpcf7_container_post\" value=\"0\" \/><input type=\"hidden\" name=\"_wpcf7_posted_data_hash\" value=\"\" \/><input type=\"hidden\" name=\"_wpcf7_recaptcha_response\" value=\"\" \/>\n<\/fieldset>\n<p><label> Nome<br \/>\n<span class=\"wpcf7-form-control-wrap\" data-name=\"your-name\"><input size=\"40\" maxlength=\"400\" class=\"wpcf7-form-control wpcf7-text wpcf7-validates-as-required\" autocomplete=\"name\" aria-required=\"true\" aria-invalid=\"false\" value=\"\" type=\"text\" name=\"your-name\" \/><\/span> <\/label>\n<\/p>\n<p><label> Email<br \/>\n<span class=\"wpcf7-form-control-wrap\" data-name=\"your-email\"><input size=\"40\" maxlength=\"400\" class=\"wpcf7-form-control wpcf7-email wpcf7-validates-as-required wpcf7-text wpcf7-validates-as-email\" autocomplete=\"email\" aria-required=\"true\" aria-invalid=\"false\" value=\"\" type=\"email\" name=\"your-email\" \/><\/span> <\/label>\n<\/p>\n<p><label> Telefone<br \/>\n<span class=\"wpcf7-form-control-wrap\" data-name=\"telefone\"><input size=\"40\" maxlength=\"400\" class=\"wpcf7-form-control wpcf7-tel wpcf7-validates-as-required wpcf7-text wpcf7-validates-as-tel\" aria-required=\"true\" aria-invalid=\"false\" value=\"\" type=\"tel\" name=\"telefone\" \/><\/span> <\/label>\n<\/p>\n<p>Tipo de rela\u00e7\u00e3o<br \/>\n<span class=\"wpcf7-form-control-wrap\" data-name=\"radio-opcoes-negocio\"><span class=\"wpcf7-form-control wpcf7-radio\"><span class=\"wpcf7-list-item first\"><label><input type=\"radio\" name=\"radio-opcoes-negocio\" value=\"Franchisado\" \/><span class=\"wpcf7-list-item-label\">Franchisado<\/span><\/label><\/span><span class=\"wpcf7-list-item last\"><label><input type=\"radio\" name=\"radio-opcoes-negocio\" value=\"Consultor imobili\u00e1rio\" checked=\"checked\" \/><span class=\"wpcf7-list-item-label\">Consultor imobili\u00e1rio<\/span><\/label><\/span><\/span><\/span>\n<\/p>\n<p><label> Regi\u00e3o de atua\u00e7\u00e3o desejada<br \/>\n<span class=\"wpcf7-form-control-wrap\" data-name=\"regiaoDesejada\"><input size=\"40\" maxlength=\"400\" class=\"wpcf7-form-control wpcf7-text wpcf7-validates-as-required\" aria-required=\"true\" aria-invalid=\"false\" value=\"\" type=\"text\" name=\"regiaoDesejada\" \/><\/span> <\/label>\n<\/p>\n<p><label> Mensagem (opcional)<br \/>\n<span class=\"wpcf7-form-control-wrap\" data-name=\"your-message\"><textarea cols=\"40\" rows=\"10\" maxlength=\"2000\" class=\"wpcf7-form-control wpcf7-textarea\" aria-invalid=\"false\" name=\"your-message\"><\/textarea><\/span> <\/label>\n<\/p>\n<p><span class=\"wpcf7-form-control-wrap\" data-name=\"RGPD\"><span class=\"wpcf7-form-control wpcf7-acceptance\"><span class=\"wpcf7-list-item\"><label><input type=\"checkbox\" name=\"RGPD\" value=\"1\" aria-invalid=\"false\" \/><span class=\"wpcf7-list-item-label\">Declaro aceitar o tratamento dos meus dados pessoais.<\/span><\/label><\/span><\/span><\/span>\n<\/p>\n<p><input class=\"wpcf7-form-control wpcf7-submit has-spinner\" type=\"submit\" value=\"Submeter\" \/>\n<\/p><div class=\"wpcf7-response-output\" aria-hidden=\"true\"><\/div>\n<\/form>\n<\/div>\n<\/div>\n\t\t\t\t\t\t<\/div>\n\t\t\t\t<\/div>\n\t\t\t\t\t<\/div>\n\t\t<\/div>\n\t\t\t\t\t<\/div>\n\t\t<\/section>\n\t\t\t\t<\/div>\n\t\t","protected":false},"excerpt":{"rendered":"<p>Apresenta\u00e7\u00e3o das condi\u00e7\u00f5es do franchising de media\u00e7\u00e3o imobili\u00e1ria CHARIB IMOBILI\u00c1RIA.<\/p>\n","protected":false},"author":1,"featured_media":0,"parent":0,"menu_order":0,"comment_status":"closed","ping_status":"closed","template":"elementor_theme","meta":{"_acf_changed":false,"footnotes":""},"class_list":["post-146","page","type-page","status-publish","hentry"],"acf":[],"_links":{"self":[{"href":"https:\/\/teste.charibimobiliaria.com\/index.php?rest_route=\/wp\/v2\/pages\/146","targetHints":{"allow":["GET"]}}],"collection":[{"href":"https:\/\/teste.charibimobiliaria.com\/index.php?rest_route=\/wp\/v2\/pages"}],"about":[{"href":"https:\/\/teste.charibimobiliaria.com\/index.php?rest_route=\/wp\/v2\/types\/page"}],"author":[{"embeddable":true,"href":"https:\/\/teste.charibimobiliaria.com\/index.php?rest_route=\/wp\/v2\/users\/1"}],"replies":[{"embeddable":true,"href":"https:\/\/teste.charibimobiliaria.com\/index.php?rest_route=%2Fwp%2Fv2%2Fcomments&post=146"}],"version-history":[{"count":0,"href":"https:\/\/teste.charibimobiliaria.com\/index.php?rest_route=\/wp\/v2\/pages\/146\/revisions"}],"wp:attachment":[{"href":"https:\/\/teste.charibimobiliaria.com\/index.php?rest_route=%2Fwp%2Fv2%2Fmedia&parent=146"}],"curies":[{"name":"wp","href":"https:\/\/api.w.org\/{rel}","templated":true}]}}